 c and m?
2
Let x be (4785/406 + (-4)/14)*18. Calculate the greatest common factor of 117 and x.
9
Let g(t) = -t**3 + 6*t**2 + 2*t + 9. Let z be g(6). Let p be -5 + 7 + 687/3. What is the highest common divisor of p and z?
21
Let y = 13796 + -7165. Calculate the highest common divisor of 19 and y.
19
Suppose j = -2*l + 4*l - 1162, l - 572 = -4*j. Suppose -l*a - 500 = -584*a. Calculate the highest common factor of 75 and a.
25
Let a be (9 - 17) + (1 - -1) + 311. Calculate the highest common divisor of 10 and a.
5
Let d be 8093 - (-36 - (-25 - -14)). What is the greatest common factor of d and 66?
66
Suppose 4*c = 4*y - 216, -6*y + c + 612 = 4*y. What is the greatest common divisor of 3007 and y?
31
Let o be (4/6*75/5)/2. Suppose 0 = -o*n + d - 11 + 1, 0 = 5*n + d. Let m be (-5 + 5 + n)/((-2)/78). What is the greatest common divisor of 26 and m?
13
Let k = -143 + 51. Let s = 95 + k. Suppose 0 = 5*g + s*w + 8 - 26, 4*w = 4. What is the greatest common divisor of 3 and g?
3
Let w(b) = -2*b**2 + 5*b. Let m be w(1). Suppose -10 - 7 = -j + m*y, 5*y + 23 = -j. What is the highest common divisor of 2 and j?
2
Let r(d) = -11*d + 47. Let x(a) = -a - 2. Let f(s) = -r(s) - 2*x(s). Let o be f(15). What is the greatest common divisor of 380 and o?
76
Let j be 4/(-54) + 3848/(-1998) + 137*2. Calculate the greatest common divisor of 3944 and j.
136
Suppose c + 4*c - 70 = 0. Let a be (102/153)/(4/(-2298)). Let w = -348 - a. What is the highest common factor of c and w?
7
Suppose 0 = -3*d + 265 + 167. Suppose 0 = 6*t + 319 - 511. Calculate the greatest common divisor of d and t.
16
Let p(s) = -s**2 - 8*s + 22. Let o be p(-10). Suppose -o*j - 5*b + 192 = -b, -276 = -3*j - 3*b. Calculate the greatest common factor of 22 and j.
22
Let c = -8945 - -10547. What is the greatest common factor of c and 178?
178
Suppose -2*u - 564 = 2*u - 16*u. What is the greatest common divisor of 35720 and u?
47
Let r = 4887 - 4839. Calculate the highest common factor of r and 7152.
48
Let r = 7 + -2. Let g(h) be the third derivative of h**4/12 + h**3 - 129*h**2 + 3*h. Let u be g(r). Calculate the highest common divisor of 16 and u.
16
Let s be 4/(-6) + (-2)/(-3). Let k = 12175 - 12041. Suppose s = -k*f + 130*f + 224. Calculate the highest common divisor of 392 and f.
56
Let f(m) = -m**3 - 21*m**2 + 121*m - 149. Let r be f(-26). Calculate the greatest common factor of r and 545.
5
Suppose 13*f - 525 = 8*f. Let p(x) = x + 2. Let s be p(7). Suppose -f = -s*n + 21. Calculate the highest common factor of n and 2.
2
Let i(k) = -2*k**2 - 15*k - 22. Let f be i(-15). Let y = -231 - f. Let h = 3 + 9. What is the highest common factor of h and y?
4
Let h = 68 + -64. Let i(r) = -r**3 + 3*r**2 + 7*r - 6. Let d be i(h). Let q be (1 - (-2)/(-6))*81/d. Calculate the highest common divisor of 1 and q.
1
Let f(g) = 3*g**2 - 5*g + 3. Let q be f(3). Let j(v) = v - v + v + q. Let h be j(-3). Calculate the greatest common divisor of 30 and h.
6
Let m be (-1 + 5/4)*0. Suppose -9*l + 102 - 3 = m. Let a be (2 - 3)/(8/(-440)). What is the highest common divisor of l and a?
11
Suppose 2*d - 6*d = 124. Let a = 548 + -515. Let f = d + a. Calculate the highest common factor of f and 6.
2
Suppose 26*t - 17*t = 216. Let w be (5 + 84/(-18))/((-1)/(-24)). What is the highest common divisor of w and t?
8
Let y be (0 - -2) + (4 - 1 - 7) + 4708. What is the highest common factor of 52 and y?
26
Suppose 4*v = -3*t + 6*v + 26, -4*t + 3*v = -35. Suppose -t*y - 24*y = -416. Calculate the greatest common divisor of 13 and y.
13
Suppose 5*i - 12 = r - 63, -2*r + 3*i + 95 = 0. Suppose -26*a + 2160 = r*a. Calculate the greatest common factor of a and 1110.
30
Let f = 10426 - 10349. Let q = 25 - 14. What is the greatest common factor of q and f?
11
Suppose 10*j - 4*j = 24. Suppose q + p - 3 = j, 4*q - p - 8 = 0. What is the greatest common divisor of q and 1?
1
Let h = 2769 - 1584. What is the highest common factor of 135 and h?
15
Let q(v) = -99*v + 1437. Let f be q(13). What is the highest common divisor of 1830 and f?
30
Let y be 17/((-272)/(-112)) - -476. What is the greatest common divisor of y and 105?
21
Let h(l) = l**3 - 56*l**2 - 114*l + 211. Let i be h(60). What is the greatest common divisor of i and 95?
19
Let l(w) = 23 + 20*w**2 - 2*w**3 + 56*w + 59*w - 105*w. Let j be l(10). What is the highest common factor of j and 82?
41
Let v = 19965 - 19839. Let k be (28/(-16))/((-1)/48). What is the greatest common divisor of v and k?
42
Let q = -2147 - -2415. What is the highest common factor of q and 335?
67
Suppose z + 3*i = 10 - 1, 2*z + 3*i = 15. Let v be (-28)/z*(-90)/21. Let c = -62 - -92. Calculate the greatest common divisor of c and v.
10
Let l be 110 - 6*7/(-7 - 0). Let d be (-3 - -1)*(-319)/22. Calculate the greatest common factor of l and d.
29
Let k be (-4 - -2)/(5*(-3)/30). Suppose 152 = k*d + 4*b, -3*b + b = 3*d - 114. Calculate the highest common divisor of 171 and d.
19
Let w be 2/8 - ((-2573)/(-6))/((-4)/18). What is the greatest common divisor of w and 110?
10
Let g = -438 - -451. Let f be (-78)/4*128/24. Let a = f - -156. What is the greatest common factor of g and a?
13
Let u be -1 - (-3 + 7) - 1983/6*-2. What is the highest common factor of 256 and u?
16
Let d = -1757 + 2824. What is the greatest common factor of 11 and d?
11
Suppose -3*z = 4*w - 183, -64 = -2*w + 46*z - 42*z. Calculate the greatest common factor of w and 616.
14
Let t be (1 - -32)/(15 + (-2793)/190). Let c(i) = -2*i**3 + 2*i**2 + i - 2. Let r be c(-2). Calculate the highest common factor of t and r.
10
Let v be 1*((-40)/(-5) + -6). Suppose -4*b = -7*c + 6*c + 82, 0 = -v*b - 8. What is the highest common divisor of c and 363?
33
Let o be 330/42 - (-1)/7. Suppose -409*k + 413*k = 128. Calculate the greatest common divisor of o and k.
8
Let l = -41 + 51. Let s(v) = 2*v**2 + 6*v - 9. Let r be s(-4). Let w be 4/(-8)*(-200)/(r + 2). What is the highest common factor of w and l?
10
Suppose -4*a - 4*p + 12175 = -p, 3*p - 15 = 0. Suppose -10*j + a = 28*j. Calculate the greatest common divisor of 360 and j.
40
Let w be 2 + 1 + (0 - -293). Suppose -15*x = -16*x + 2*z + 6, 0 = -3*x + 3*z + 21. What is the greatest common factor of w and x?
8
Suppose -86*v = -299191 - 284233. Calculate the greatest common divisor of 53 and v.
53
Suppose -316 = 4*d - 4*q, -304 = 3*d - 2*q - 67. Let a = -44 - d. Let s be (a + -11)*(-6)/(-4). What is the greatest common divisor of s and 90?
18
Suppose 5*f + 5*c - 61373 = -15953, 0 = 2*f + c - 18174. Calculate the greatest common divisor of f and 90.
90
Let q = 67 - 136. Let f be 10/(-2) + (-2)/6*q. Let p be (-2)/(-4)*-2 + 46. What is the highest common divisor of p and f?
9
Suppose 63*z - 1674 = 1161. Suppose 4*l - 2*l = 360. What is the highest common factor of l and z?
45
Let v(u) = -5*u**3 + 119*u**2 - 82*u - 26. Let x be v(23). Calculate the greatest common factor of x and 5032.
68
Let r = -870 - -876. Suppose 0 = -4*w - 234 - 374. Let x be (117/52)/((-3)/w). Calculate the highest common divisor of x and r.
6
Let m be -35*(-6 + (-224)/(-49)). Suppose 0 = -24*p + 19*p + 90. Suppose 23*g - p*g = 100. Calculate the greatest common factor of m and g.
10
Suppose -75*m + 19164 + 8156 = 3020. Calculate the greatest common factor of m and 204.
12
Let l(o) = o**2 + 522*o + 1046. Let i be l(-2). What is the greatest common factor of 568 and i?
2
Let o = -3424 + 3793. Calculate the highest common factor of o and 9.
9
Let n(k) = 78*k**2 - 80*k - 440. Let w be n(-5). What is the highest common factor of 10 and w?
10
Let z be (476/(-70))/(-17)*240. Calculate the greatest common divisor of 51 and z.
3
Suppose -1583*g - 20812 = -1605*g. Calculate the greatest common factor of g and 11.
11
Let k = -433 - -448. Suppose -19*i = -22*i + k. Calculate the greatest common factor of 125 and i.
5
Suppose -3*w - w = -3*a - 62, -5*w + 3*a + 79 = 0. Calculate the highest common divisor of 493 and w.
17
Suppose 10*m - 9*m = 21. Suppose m = 11*c - 34. Suppose 3*d + d + c*p = 79, 4*d - 5*p = 49. What is the greatest common factor of 48 and d?
16
Let s = 5823 + -5551. Suppose 14 = 4*c - 10. Suppose -16 = -q + 4*v, -5*q + v + 80 = c*v. Calculate the highest common divisor of q and s.
16
Let v(l) be the second derivative of 1/3*l**3 + 0 + 1/2